 of 18?
False
Is 539 a factor of 2075904600?
True
Is 57653488 a multiple of 116?
False
Is 77 a factor of 95674271?
True
Is 2563 a factor of 224198977?
False
Does 102 divide 10072244?
False
Is 23857595 a multiple of 4?
False
Is 589623534 a multiple of 439?
True
Does 298 divide 6229988?
True
Is 1039 a factor of 4256073429?
False
Is 15 a factor of 32283208?
False
Is 168232168 a multiple of 55?
False
Is 363 a factor of 9498866?
False
Does 699 divide 880326300?
False
Is 113 a factor of 1844499?
True
Is 617555295 a multiple of 5?
True
Is 4048 a factor of 2161055611?
False
Does 32 divide 85958592?
True
Does 280 divide 308617305?
False
Is 22 a factor of 4249665?
False
Does 115 divide 684060732?
False
Is 21915000 a multiple of 487?
True
Is 246848232 a multiple of 29?
True
Is 107 a factor of 234706231?
False
Does 59 divide 156078?
False
Is 10 a factor of 164599284?
False
Does 942 divide 6754124?
False
Is 66653037 a multiple of 2629?
True
Is 163 a factor of 95550689?
False
Does 9106 divide 2490040450?
False
Is 663543159 a multiple of 18?
False
Is 44 a factor of 4385269?
False
Does 21 divide 45468108?
True
Does 646 divide 75855290?
False
Does 122 divide 242359954?
True
Is 12090479 a multiple of 437?
True
Is 624 a factor of 841334044?
False
Is 181 a factor of 3292941507?
True
Is 1671 a factor of 1617086856?
True
Does 245 divide 49484483?
False
Is 237 a factor of 269516618?
False
Does 133 divide 2305843490?
False
Does 877 divide 915999009?
False
Is 272214254 a multiple of 2014?
True
Is 1673078264 a multiple of 1478?
True
Is 177048486 a multiple of 102?
False
Does 15 divide 564139993?
False
Is 149 a factor of 149458514?
False
Is 1876069186 a multiple of 16?
False
Does 419 divide 139782171?
True
Is 67 a factor of 533160138?
True
Is 55388870 even?
True
Does 1472 divide 18297601?
False
Is 17 a factor of 42960845?
False
Is 1328 a factor of 745656064?
True
Is 72791958 a multiple of 6?
True
Does 417 divide 29250663?
False
Is 37191550 a multiple of 550?
True
Is 2959575 a multiple of 11?
False
Is 393 a factor of 49450797?
True
Does 398 divide 20831544?
False
Does 167 divide 119631522?
False
Is 1058178659 a multiple of 45?
False
Is 581560055 a multiple of 2465?
True
Is 11 a factor of 27781070?
False
Is 22566776 a multiple of 499?
True
Is 348154860 a multiple of 87?
True
Is 28 a factor of 2384864104?
True
Is 397 a factor of 115405013?
False
Is 251766710 a multiple of 65?
True
Is 7213768 a multiple of 76?
True
Is 27478667 a multiple of 214?
False
Is 13 a factor of 1838005?
True
Does 999 divide 1826609541?
False
Does 330 divide 940170?
True
Is 268456160 a multiple of 140?
True
Does 3799 divide 16445871?
True
Is 8641 a factor of 4317691675?
True
Is 2377092 a multiple of 205?
False
Does 416 divide 929701346?
False
Is 639768456 a multiple of 166?
False
Is 370 a factor of 33958600?
True
Is 10234322 even?
True
Is 748200500 a multiple of 412?
False
Is 17 a factor of 18573654?
False
Does 584 divide 121922848?
True
Does 54 divide 138483769?
False
Does 541 divide 20617510?
True
Does 2987 divide 12974095?
False
Is 77626533 a multiple of 87?
True
Is 97 a factor of 253020351?
False
Does 5 divide 26991076?
False
Does 378 divide 74566926?
True
Is 320 a factor of 99004917?
False
Does 6754 divide 549955296?
False
Is 27 a factor of 52985563?
False
Is 17 a factor of 157166732?
False
Is 1361 a factor of 487057496?
False
Is 330575979 a multiple of 85?
False
Is 38 a factor of 842699463?
False
Is 442 a factor of 36616019?
False
Is 59 a factor of 141618418?
False
Is 10628290 a multiple of 97?
True
Does 326 divide 66720790?
True
Is 95 a factor of 75253936?
False
Is 19158406 a multiple of 2?
True
Does 14 divide 278852322?
True
Is 12 a factor of 27131874?
False
Is 213 a factor of 39462494?
False
Does 2 divide 2239738?
True
Is 7 a factor of 166165846?
True
Is 32410114 a multiple of 31?
False
Is 1037766720 a multiple of 2028?
False
Does 758 divide 384543903?
False
Does 5528 divide 511024649?
False
Is 328752768 a multiple of 64?
True
Does 2374 divide 39007141?
False
Does 4883 divide 216414560?
True
Is 17 a factor of 14841595?
True
Does 54 divide 1299958?
False
Does 792 divide 470880432?
True
Does 31 divide 50723688?
True
Does 775 divide 9585759?
False
Is 1052488074 a multiple of 2222?
True
Is 571 a factor of 90414424?
True
Is 749 a factor of 359797769?
False
Does 251 divide 588118100?
True
Is 4280082146 a multiple of 527?
True
Does 15 divide 7652537?
False
Is 311 a factor of 1546153199?
False
Is 1021 a factor of 220154675?
False
Is 789145593 a multiple of 17?
True
Is 3 a factor of 478338816?
True
Is 9 a factor of 9019553?
False
Is 179211732 a multiple of 381?
True
Is 85 a factor of 9059478?
False
Is 226379464 a multiple of 1964?
False
Does 17 divide 11032453?
False
Is 406243104 a multiple of 912?
True
Does 1351 divide 22029406?
True
Is 23344457 a multiple of 2?
False
Does 18 divide 2285218699?
False
Is 606 a factor of 470528087?
False
Is 132 a factor of 67971816?
True
Is 119 a factor of 494539010?
True
Is 48005947 a multiple of 4910?
False
Does 2738 divide 306313344?
False
Is 413378887 a multiple of 201?
False
Does 3312 divide 70229126?
False
Does 9 divide 5723804152?
False
Is 3112 a factor of 133840896?
True
Does 146 divide 3840898933?
False
Does 20 divide 1836186194?
False
Is 20641631 a multiple of 601?
False
Is 21 a factor of 317896070?
False
Is 23456724 a multiple of 2076?
True
Does 140 divide 15984080?
True
Does 69 divide 32944434?
False
Is 2 a factor of 620114?
True
Does 8 divide 20030072?
True
Is 64 a factor of 272278017?
False
Does 480 divide 31209517?
False
Is 4756882792 a multiple of 31?
True
Is 10 a factor of 1463104821?
False
Does 13 divide 3342960023?
True
Does 90 divide 84580857?
False
Is 4639 a factor of 3763300609?
True
Does 7863 divide 13147818?
False
Does 361 divide 47944049?
True
Does 840 divide 23597516?
False
Is 384470600 a multiple of 1173?
False
Is 3607 a factor of 48657428?
False
Is 12412358 a multiple of 38?
True
Does 257 divide 440386666?
False
Does 141 divide 1601590518?
True
Is 6 a factor of 46440283?
False
Is 294185485 a multiple of 4169?
True
Does 28 divide 1539692?
True
Is 288 a factor of 38381646?
False
Does 185 divide 68143455?
True
Is 385389852 a multiple of 70?
False
Is 1585341548 a multiple of 11149?
False
Is 737 a factor of 277586360?
False
Is 892181675 a multiple of 35?
True
Is 53 a factor of 21280190?
False
Is 4549 a factor of 272580629?
True
Does 137 divide 363432960?
False
Is 380594754 a multiple of 9?
True
Is 29078217 a multiple of 3?
True
Is 324 a factor of 792141357?
False
Is 1147363536 a multiple of 5181?
True
Is 765401130 a multiple of 2622?
True
Is 119 a factor of 426145164?
False
Is 196184372 a multiple of 1138?
True
Is 209 a factor of 1939402?
False
Does 406 divide 818003548?
False
Does 20 divide 2197240?
True
Is 78605331 a multiple of 34?
False
Is 192886545 a multiple of 653?
False
Is 1546374147 a multiple of 589?
True
Is 139483685 a multiple of 55?
True
Is 730 a factor of 1314899133?
False
Is 6076742 a multiple of 1105?
False
Does 2810 divide 129900680?
True
Does 1193 divide 112774522?
False
Is 4456108225 a multiple of 345?
False
Is 12 a factor of 77265801?
False
Is 16 a factor of 43734183?
False
Is 9 a factor of 16436403?
True
Is 1152491247 a multiple of 8?
False
Does 706 divide 863188849?
False
Is 417126689 a multiple of 4289?
False
Is 4495986 a multiple of 162?
True
Does 37 divide 668929586?
True
Is 34 a factor of 103634142?
True
Does 58 divide 928675?
False
Does 750 divide 84398250?
True
Does 5 divide 4459385?
True
Does 4 divide 156536000?
True
Is 168764794 a multiple of 499?
True
Does 1593 divide 662973147?
True
Does 345 divide 176998110?
True
Does 512 divide 67798528?
True
Is 49 a factor of 95661175?
False
Is 1317 a factor of 270792025?
False
Is 12 a factor of 1216811736?
True
Is 2377327 a multiple of 199?
False
Is 14 a factor of 341587974?
True
Is 16 a factor of 12088479?
False
Is 900 a factor of 413557200?
True
Is 22151488 a multiple of 1079?
False
Is 74739884 a multiple of 1271?
True
Is 930 a factor of 26387904?
False
Is 29 a factor of 6382204?
True
Is 40 a factor of 1389203?
False
Is 71 a factor of 4498908704?
False
Is 867187388 a multiple of 3217?
True
Is 615274998 a multiple of 47?
False
Does 139 divide 231317406?
True
Does 272 div